divided by o.
22
Let o(a) = 8*a**2 - 10*a + 96. Let l(i) = 11*i**2 - 15*i + 144. Let v(p) = -5*l(p) + 7*o(p). What is the remainder when 157 is divided by v(-11)?
13
Suppose -1987 = 118*n - 16265. Calculate the remainder when 703 is divided by n.
98
Let x(h) = 12*h + 17*h - 14*h - 11 + 18*h. Let d(y) = -528*y + 177. Let m(r) = 2*d(r) + 33*x(r). Calculate the remainder when m(3) is divided by 13.
12
Suppose 7*g + 9 = 93. Suppose 9*j + g = 7*j. Calculate the remainder when 78 is divided by (0 + 2)*-27*j/12.
24
Let l(a) = a**3 + 29*a**2 + 52*a - 11. Let x be l(-27). Suppose -2*b + 4 = 0, -4*i + 359 = b - x. Calculate the remainder when i is divided by 17.
15
Let k be (138/(-24) + 5)/(2/(-296)). Suppose 336 = -k*a + 115*a. What is the remainder when 251 is divided by a?
83
Suppose 0 = 3*y - 26 - 43. Suppose -5*k - l = -672, 2*k - 3*l - 215 = 64. What is the remainder when k is divided by y?
20
Let j = -29896 + 29924. What is the remainder when 305 is divided by j?
25
Suppose 53 + 94 = 5*z + 2*y, 3*y = -2*z + 61. What is the remainder when 420 is divided by z?
14
Suppose 9*u = -4*s + 5*u + 140, -6*s + 3*u + 165 = 0. What is the remainder when 8757 is divided by s?
27
Suppose -8*v + 846 + 474 = 0. Let l = 184 - v. Calculate the remainder when l is divided by 11.
8
Suppose -28*w + 50 = -36*w + 1266. What is the remainder when 12613 is divided by w?
149
Suppose 22*l + 109 = -23. What is the remainder when 8 is divided by (-1)/l - 820/(-120)?
1
What is the remainder when (9/6)/(30/16100) is divided by 162?
157
Suppose -5*v = -z - 10*v + 34, z = 3*v + 106. Calculate the remainder when 1142 is divided by z.
36
Suppose 17955 = -45*z + 108*z. What is the remainder when z is divided by 58?
53
Suppose -10*m = 5*m - 30. Suppose -y + m = 0, o = 3*o - y - 12. Let t(f) = -f**3 + 4*f**2 + 7*f - 5. What is the remainder when o is divided by t(5)?
2
Suppose -483 = -3*a - 183. Suppose b = 5*g - 3, 5*b + 7*g - 9*g - 77 = 0. Calculate the remainder when a is divided by b.
15
Let j(i) = 154*i**2 + 14*i - 5. Calculate the remainder when j(-5) is divided by 32.
31
Let o = 48 - -127. Let z = o + -163. Suppose 0 = 8*c - 3*c + 4*r - 234, -4*r = -4*c + 180. Calculate the remainder when c is divided by z.
10
Let f be (-1330)/(-25) + (-42)/35. Suppose f = 3*v + 5*d, 2*v + 4*d - 36 = -0*d. Let h = -72 - -119. What is the remainder when h is divided by v?
5
Let s = 2199 - 1831. What is the remainder when s is divided by 78?
56
Let h = 25 + -35. What is the remainder when 49 - (-8 - h)/(4/(-10)) is divided by 3?
0
Let w(y) = 5*y**2 - 425*y + 171. Calculate the remainder when w(85) is divided by 75.
21
Suppose 0 = -111*d - 1080 + 10626. Calculate the remainder when 403 is divided by d.
59
Suppose -l + 4*u + 1674 = 0, -5*l = -4*u - 5079 - 3291. Let n = 2374 - l. Calculate the remainder when n is divided by 19.
16
Suppose -2*u - 3*d - 9 = 0, -2 = 4*u + d + 1. Suppose 5*i - 474 - 36 = u. Let s = 766 - 753. Calculate the remainder when i is divided by s.
11
Suppose 3*v + 13 = 5*t - 0*v, 12 = 4*t - 2*v. Calculate the remainder when (57/95)/(1/t) is divided by 1.
0
Let n(c) = -2*c**3 - 15*c**2 - 11*c + 5. Let i be n(-7). Suppose -281*x + i = -278*x. Let j = 156 + -73. Calculate the remainder when j is divided by x.
6
Let t(u) = -u**3 + 31*u**2 + 6*u - 170. What is the remainder when 190 is divided by t(31)?
14
What is the remainder when (-25 - -14)*(-90)/55 is divided by (5 - 9 - -5) + 0?
0
Let z(p) = -p**3 + 13*p**2 - 9*p - 36. Let w be z(12). Suppose -x + 7*x = w. Suppose x = 3*j - j - 14. What is the remainder when 9 is divided by j?
2
Let k = -851 + 5818. What is the remainder when k is divided by 46?
45
Let u be (-108)/(-24)*8/6. Suppose 4*v - 3*k + 5*k = 1870, 2*k - 463 = -v. Suppose u*q - v = -q. What is the remainder when q is divided by 35?
32
Let b(l) = l + 7. Let o(h) = h + 6. Let r(j) = 5*b(j) - 4*o(j). Let p be r(-14). What is the remainder when 80 is divided by p/(-5)*(10/(-5) + 37)?
17
Suppose -16021*q - 39144 = -16035*q. What is the remainder when q is divided by 1392?
12
Suppose 2*b + 18*b + 368 = 968. Suppose 5*f = 6*f - 445. Suppose 6*v - f = v. Calculate the remainder when v is divided by b.
29
Let k = -9 + 24. Suppose w - 60 = -f + k, -w - 2*f + 70 = 0. What is the remainder when 558 is divided by w?
78
Let d(o) = -23 + 79 + o - 29 + 4*o. Let h be d(-5). Suppose -p = h*r - 3*p - 44, 5*p = -25. What is the remainder when 31 is divided by r?
14
Suppose 5*w - 16 = -5*j + 84, -3*w + 100 = 5*j. Calculate the remainder when 248 is divided by j.
8
Let x = 45 - 10. Suppose 0 = -r + 4*y - x, 2*y = 4*r - r + 55. Let o = 22 + r. What is the remainder when 16 is divided by o?
2
Let p = 108 - -56. Suppose 162*g = p*g - 62. Calculate the remainder when g is divided by 8.
7
Let v(t) = 27*t + 47. Let u be v(-35). Let h = u - -1273. What is the remainder when h is divided by 63?
60
Let n(c) = -235*c - 1236. Calculate the remainder when n(-6) is divided by 31.
19
Suppose 306*l = 293*l + 572. Suppose -63*p = -3*y - 59*p + 80, 2*y + 2*p = l. What is the remainder when 32 is divided by y?
8
Suppose 0 = -841*l + 855*l - 1316. What is the remainder when 296 is divided by l?
14
Let p be -4 + (-308 + -3 - 2). Let i = -749 - p. What is the remainder when ((-2)/4)/(-5 + (-2156)/i) is divided by 14?
12
Let b = 3598 - 3562. Calculate the remainder when ((-1 + 997)/(-2))/(-3 + 1) is divided by b.
33
Let k = 429 + -581. Calculate the remainder when 18 is divided by 4/6 + k/(-24).
4
Let t(k) = 277*k - 7522. What is the remainder when 1335 is divided by t(28)?
165
Let i(c) = c**2 - 2*c + 1. Let o = 21738 + -21667. What is the remainder when o is divided by i(-5)?
35
Let n(w) = w**3 - 5*w**2 + 25*w - 21. Calculate the remainder when 70 is divided by n(4).
7
Suppose -2405 = 5*q + 5*b, 1027 = -4*q - 5*b - 902. Let z = 540 + q. What is the remainder when z is divided by 33?
31
Let p be 4*(4/8 - (3 + -2)). Calculate the remainder when 35 is divided by p/(-12 - 0) + (-4859)/(-258).
16
Let f(n) = 6*n**2 - 2. Suppose 0 = -37*k - 19*k - 12*k + 952. What is the remainder when f(-3) is divided by k?
10
Let b(r) = -2*r + 16. Let s be b(6). Suppose -4*i - 38 = -s*v + 42, -3*v + 63 = -4*i. Suppose 7*k - 8*k = -v. What is the remainder when 67 is divided by k?
16
Let j(h) = 2*h**2 + 5*h - 4. Let d(z) = 177*z + 1815. What is the remainder when d(-10) is divided by j(-5)?
3
Let r(g) = 3*g**3 - 9*g**2 + 57*g - 178. What is the remainder when 538 is divided by r(4)?
48
Suppose 9*o = 8*o + 3*f + 593, 5*o = 4*f + 3031. Calculate the remainder when 1233 is divided by o.
11
Let t(j) = -j**2 - 51*j - 96. Let c be t(-49). Suppose 5*p + 56*b = 61*b + 470, 0 = -c*b. What is the remainder when p is divided by 25?
19
Let f(d) = -1408*d - 2734. What is the remainder when 1391 is divided by f(-2)?
79
Let f(v) = 5*v + 45. What is the remainder when 302 is divided by f(1)?
2
Let x = -372 - -380. Suppose -16*a + x*a + 192 = 0. Calculate the remainder when 76 is divided by a.
4
Suppose 0 = 17*p - 1711 - 1060. Calculate the remainder when 277 is divided by p.
114
Let l = 1962 + -1771. What is the remainder when 388 is divided by l?
6
Let b(v) = v**2 + 12*v - 29. Let l be 168/(-9) + (-24)/(-36). Calculate the remainder when b(l) is divided by 41.
38
Let z = 6956 + -5057. What is the remainder when z is divided by 28?
23
Let p be -3 + 13/5 + (-7476)/(-15). Let w = 530 - p. What is the remainder when w is divided by 5?
2
Suppose -69 - 1215 = -2*d. Suppose -n + 7*n = d. What is the remainder when n is divided by 55?
52
Let h be (-6)/(-60)*-2 - (-33)/15. Calculate the remainder when 29 is divided by h*13/((-78)/(-48)).
13
Let i = -26216 - -26325. Let d = 80 + -51. Calculate the remainder when i is divided by d.
22
Let b = 2255 + -1635. Calculate the remainder when b is divided by 34.
8
Let r = 39 + -27. Let x = 17 + r. Suppose -8*o - 10*o = -990. What is the remainder when o is divided by x?
26
Let q(w) = -10*w + 337. What is the remainder when 536 is divided by q(8)?
22
Let b(o) = -o**3 + 17*o**2 - 18*o + 46. Let c be b(16). Let p = c + 17. Calculate the remainder when 83 is divided by p.
21
Calculate the remainder when 351 is divided by (267/(-66) - -4)*4 + (-1874)/(-22).
11
Suppose 5*f + 45 - 470 = 0. Let c = -57 + f. Let a = c + 